{"id":240,"date":"2023-10-22T08:42:42","date_gmt":"2023-10-22T08:42:42","guid":{"rendered":"https:\/\/tohmek.pl\/?page_id=240"},"modified":"2026-03-29T16:36:21","modified_gmt":"2026-03-29T16:36:21","slug":"vega-systems-oss-holandia","status":"publish","type":"page","link":"https:\/\/tohmek.pl\/index.php\/reaktory-mikrofalowe\/vega-systems-oss-holandia\/","title":{"rendered":"VEGA SYSTEMS (Oss &#8211; Holandia)"},"content":{"rendered":"\n<p>Automatyka w tej firmie stoi na pierwszym miejscu. Poni\u017cej kilka fotografii urz\u0105dze\u0144 &#8222;wielkiego formatu&#8221; obrazuj\u0105cych nieco produkcj\u0119. Lepszy obraz mo\u017cna uzyska\u0107 odwiedzaj\u0105c oficjaln\u0105 stron\u0119 internetow\u0105 firmy :<\/p>\n\n\n\n<p>VEGA SYSTEMS &#8211; OFICJALNA STRONA INTERNETOWA https:\/\/www.vegasystems-group.com\/<a href=\"https:\/\/www.vegasystems-group.com\/\">https:\/\/www.vegasystems-group.com\/<\/a><\/p>\n\n\n\n<p><\/p>\n\n\n\n<figure class=\"wp-block-image size-large\"><img loading=\"lazy\" decoding=\"async\" width=\"1024\" height=\"768\" src=\"https:\/\/tohmek.pl\/wp-content\/uploads\/2026\/03\/PANEL-1024x768.jpg\" alt=\"\" class=\"wp-image-364\" srcset=\"https:\/\/tohmek.pl\/wp-content\/uploads\/2026\/03\/PANEL-1024x768.jpg 1024w, https:\/\/tohmek.pl\/wp-content\/uploads\/2026\/03\/PANEL-300x225.jpg 300w, https:\/\/tohmek.pl\/wp-content\/uploads\/2026\/03\/PANEL-768x576.jpg 768w, https:\/\/tohmek.pl\/wp-content\/uploads\/2026\/03\/PANEL.jpg 1536w\" sizes=\"auto, (max-width: 1024px) 100vw, 1024px\" \/><figcaption class=\"wp-element-caption\">MONTA\u017b PANELI<\/figcaption><\/figure>\n\n\n\n<figure class=\"wp-block-image size-large\"><img loading=\"lazy\" decoding=\"async\" width=\"1024\" height=\"768\" src=\"https:\/\/tohmek.pl\/wp-content\/uploads\/2023\/10\/20160922_120331-1024x768.jpg\" alt=\"\" class=\"wp-image-244\" srcset=\"https:\/\/tohmek.pl\/wp-content\/uploads\/2023\/10\/20160922_120331-1024x768.jpg 1024w, https:\/\/tohmek.pl\/wp-content\/uploads\/2023\/10\/20160922_120331-300x225.jpg 300w, https:\/\/tohmek.pl\/wp-content\/uploads\/2023\/10\/20160922_120331-768x576.jpg 768w, https:\/\/tohmek.pl\/wp-content\/uploads\/2023\/10\/20160922_120331-1536x1152.jpg 1536w, https:\/\/tohmek.pl\/wp-content\/uploads\/2023\/10\/20160922_120331-2048x1536.jpg 2048w\" sizes=\"auto, (max-width: 1024px) 100vw, 1024px\" \/><\/figure>\n\n\n\n<figure class=\"wp-block-image size-large\"><img loading=\"lazy\" decoding=\"async\" width=\"768\" height=\"1024\" src=\"https:\/\/tohmek.pl\/wp-content\/uploads\/2023\/10\/20160923_081207-768x1024.jpg\" alt=\"\" class=\"wp-image-245\" srcset=\"https:\/\/tohmek.pl\/wp-content\/uploads\/2023\/10\/20160923_081207-768x1024.jpg 768w, https:\/\/tohmek.pl\/wp-content\/uploads\/2023\/10\/20160923_081207-225x300.jpg 225w, https:\/\/tohmek.pl\/wp-content\/uploads\/2023\/10\/20160923_081207-1152x1536.jpg 1152w, https:\/\/tohmek.pl\/wp-content\/uploads\/2023\/10\/20160923_081207-1536x2048.jpg 1536w, https:\/\/tohmek.pl\/wp-content\/uploads\/2023\/10\/20160923_081207-scaled.jpg 1920w\" sizes=\"auto, (max-width: 768px) 100vw, 768px\" \/><\/figure>\n\n\n\n<figure class=\"wp-block-image size-large\"><img loading=\"lazy\" decoding=\"async\" width=\"768\" height=\"1024\" src=\"https:\/\/tohmek.pl\/wp-content\/uploads\/2023\/10\/20160922_120045-768x1024.jpg\" alt=\"\" class=\"wp-image-246\" srcset=\"https:\/\/tohmek.pl\/wp-content\/uploads\/2023\/10\/20160922_120045-768x1024.jpg 768w, https:\/\/tohmek.pl\/wp-content\/uploads\/2023\/10\/20160922_120045-225x300.jpg 225w, https:\/\/tohmek.pl\/wp-content\/uploads\/2023\/10\/20160922_120045-1152x1536.jpg 1152w, https:\/\/tohmek.pl\/wp-content\/uploads\/2023\/10\/20160922_120045-1536x2048.jpg 1536w, https:\/\/tohmek.pl\/wp-content\/uploads\/2023\/10\/20160922_120045-scaled.jpg 1920w\" sizes=\"auto, (max-width: 768px) 100vw, 768px\" \/><\/figure>\n","protected":false},"excerpt":{"rendered":"<p>Automatyka w tej firmie stoi na pierwszym miejscu. Poni\u017cej kilka fotografii urz\u0105dze\u0144 &#8222;wielkiego formatu&#8221; obrazuj\u0105cych nieco produkcj\u0119. Lepszy obraz mo\u017cna uzyska\u0107 odwiedzaj\u0105c oficjaln\u0105 stron\u0119 internetow\u0105 firmy : VEGA SYSTEMS &#8211; OFICJALNA STRONA INTERNETOWA https:\/\/www.vegasystems-group.com\/https:\/\/www.vegasystems-group.com\/<\/p>\n","protected":false},"author":1,"featured_media":0,"parent":18,"menu_order":0,"comment_status":"closed","ping_status":"closed","template":"","meta":{"footnotes":""},"class_list":["post-240","page","type-page","status-publish","hentry"],"_links":{"self":[{"href":"https:\/\/tohmek.pl\/index.php\/wp-json\/wp\/v2\/pages\/240","targetHints":{"allow":["GET"]}}],"collection":[{"href":"https:\/\/tohmek.pl\/index.php\/wp-json\/wp\/v2\/pages"}],"about":[{"href":"https:\/\/tohmek.pl\/index.php\/wp-json\/wp\/v2\/types\/page"}],"author":[{"embeddable":true,"href":"https:\/\/tohmek.pl\/index.php\/wp-json\/wp\/v2\/users\/1"}],"replies":[{"embeddable":true,"href":"https:\/\/tohmek.pl\/index.php\/wp-json\/wp\/v2\/comments?post=240"}],"version-history":[{"count":5,"href":"https:\/\/tohmek.pl\/index.php\/wp-json\/wp\/v2\/pages\/240\/revisions"}],"predecessor-version":[{"id":367,"href":"https:\/\/tohmek.pl\/index.php\/wp-json\/wp\/v2\/pages\/240\/revisions\/367"}],"up":[{"embeddable":true,"href":"https:\/\/tohmek.pl\/index.php\/wp-json\/wp\/v2\/pages\/18"}],"wp:attachment":[{"href":"https:\/\/tohmek.pl\/index.php\/wp-json\/wp\/v2\/media?parent=240"}],"curies":[{"name":"wp","href":"https:\/\/api.w.org\/{rel}","templated":true}]}}